of 862859?
False
Is 15 a factor of 1051725?
True
Is 259041 a multiple of 237?
True
Does 34 divide 5592465?
False
Does 10 divide 1858990?
True
Is 40 a factor of 205080?
True
Is 86 a factor of 161680?
True
Is 21 a factor of 7443954?
True
Is 403 a factor of 820923?
False
Is 113 a factor of 355090?
False
Does 114 divide 17342022?
True
Is 594122 a multiple of 10?
False
Is 198204 a multiple of 60?
False
Does 85 divide 7536663?
False
Is 1003506 a multiple of 28?
False
Is 18 a factor of 657108?
True
Does 19 divide 76913?
False
Is 63339 a multiple of 69?
False
Does 108 divide 286889?
False
Does 43 divide 1201850?
True
Is 85 a factor of 8486149?
False
Does 79 divide 14309?
False
Is 2753274 a multiple of 53?
False
Is 60035 even?
False
Does 295 divide 745093?
False
Is 2055705 a multiple of 15?
True
Does 1474 divide 3393148?
True
Is 917349 a multiple of 13?
False
Does 59 divide 885472?
True
Is 34 a factor of 11181138?
True
Does 49 divide 3516517?
False
Is 35778 a multiple of 134?
True
Is 5387886 a multiple of 42?
True
Does 17 divide 3203034?
False
Does 24 divide 9768?
True
Does 11 divide 1356455?
False
Is 79 a factor of 1566094?
False
Does 15 divide 677355?
True
Does 77 divide 145351?
False
Is 1720068 a multiple of 21?
True
Is 27082 even?
True
Is 13878123 a multiple of 147?
True
Is 9058182 a multiple of 215?
False
Is 98 a factor of 176106?
True
Does 15 divide 1424895?
True
Is 60976 a multiple of 8?
True
Does 195 divide 3176160?
True
Is 4 a factor of 2812?
True
Is 21 a factor of 316764?
True
Is 893224 a multiple of 11?
False
Does 17 divide 163285?
True
Is 31608 a multiple of 7?
False
Is 772458 a multiple of 59?
False
Does 5 divide 868130?
True
Is 18 a factor of 3457105?
False
Is 3202320 a multiple of 12?
True
Is 67688 a multiple of 4?
True
Does 83 divide 44487?
False
Is 84235 a multiple of 23?
False
Is 758 a factor of 3678574?
True
Is 185214 a multiple of 27?
False
Does 11 divide 2638562?
False
Is 130972 a multiple of 251?
False
Does 47 divide 46552?
False
Is 53925 a multiple of 13?
False
Is 183498 a multiple of 42?
True
Is 448648 a multiple of 67?
False
Does 339 divide 75258?
True
Is 143 a factor of 486942?
False
Is 237 a factor of 1326266?
False
Is 107 a factor of 6435622?
True
Is 93428 a multiple of 10?
False
Is 157520 a multiple of 11?
True
Does 137 divide 12884?
False
Is 219783 a multiple of 234?
False
Is 143 a factor of 152822?
False
Is 3450 a multiple of 3?
True
Does 114 divide 210672?
True
Does 120 divide 804025?
False
Is 437 a factor of 119738?
True
Is 146280 a multiple of 10?
True
Is 2690314 a multiple of 69?
False
Is 104629 even?
False
Does 485 divide 1759833?
False
Is 88835 a multiple of 163?
True
Does 153 divide 15848?
False
Is 28156 even?
True
Is 18 a factor of 1060650?
True
Does 4 divide 488636?
True
Does 5 divide 143829?
False
Is 6 a factor of 2682?
True
Is 177144 a multiple of 8?
True
Is 583 a factor of 789830?
False
Is 17496 a multiple of 12?
True
Does 109 divide 4687436?
True
Is 38 a factor of 43412?
False
Is 21802403 a multiple of 183?
False
Is 235477 a multiple of 119?
False
Is 11460374 a multiple of 6?
False
Is 403541 a multiple of 141?
False
Does 16 divide 176928?
True
Is 4 a factor of 64759?
False
Is 44 a factor of 1711080?
False
Does 581 divide 2616762?
False
Does 144 divide 179467?
False
Does 340 divide 207740?
True
Is 914 a factor of 4668762?
False
Does 8 divide 519984?
True
Does 388 divide 1964444?
True
Is 15 a factor of 57090?
True
Is 9275722 a multiple of 349?
True
Does 177 divide 2456937?
True
Is 292656 a multiple of 182?
True
Is 115 a factor of 1831720?
True
Is 112662 a multiple of 99?
True
Is 739071 a multiple of 9?
True
Does 361 divide 658464?
True
Is 4929170 a multiple of 190?
True
Is 195632 a multiple of 3?
False
Is 257655 a multiple of 24?
False
Is 154 a factor of 3981978?
True
Is 1129 a factor of 3536028?
True
Does 535 divide 3445977?
False
Is 3054920 a multiple of 220?
True
Is 733 a factor of 8463951?
True
Is 830754 a multiple of 210?
False
Is 2 a factor of 23482?
True
Does 22 divide 1378146?
True
Is 357 a factor of 975747?
False
Is 76003 a multiple of 71?
False
Is 16247 a multiple of 77?
True
Is 53 a factor of 6665238?
False
Is 571 a factor of 1122084?
False
Is 160772 a multiple of 7?
False
Is 10 a factor of 493680?
True
Is 396 a factor of 4664088?
True
Does 186 divide 609708?
True
Is 42 a factor of 985488?
True
Does 239 divide 9666594?
True
Is 4754494 a multiple of 129?
False
Is 13 a factor of 563641?
True
Does 7 divide 4399535?
True
Is 14 a factor of 591881?
False
Is 24530 a multiple of 11?
True
Does 21 divide 96159?
True
Is 452 a factor of 650428?
True
Is 141686 a multiple of 65?
False
Does 549 divide 1943460?
True
Is 1993812 a multiple of 48?
False
Is 213 a factor of 1841598?
True
Is 1405 a factor of 1267636?
False
Does 183 divide 10421983?
False
Is 336 a factor of 311864?
False
Does 8 divide 298274?
False
Is 85 a factor of 34000?
True
Is 2262328 a multiple of 17?
False
Is 114264 a multiple of 12?
True
Does 15 divide 11775?
True
Does 24 divide 334776?
True
Is 798 a factor of 13341762?
True
Is 23 a factor of 32668?
False
Is 118 a factor of 308321?
False
Is 223 a factor of 518881?
False
Does 12 divide 10898391?
False
Is 73705 a multiple of 50?
False
Is 1911336 a multiple of 28?
True
Is 19499 a multiple of 62?
False
Does 139 divide 340924?
False
Is 1038744 a multiple of 16?
False
Is 139 a factor of 415193?
True
Is 229440 a multiple of 40?
True
Does 944 divide 2848266?
False
Is 2 a factor of 424391?
False
Is 500103 a multiple of 181?
True
Is 12 a factor of 307200?
True
Is 3429762 a multiple of 381?
True
Is 8852627 a multiple of 20?
False
Is 131 a factor of 405183?
True
Does 12 divide 8299944?
True
Does 4 divide 2710?
False
Is 372109 a multiple of 113?
True
Does 16 divide 1898640?
True
Is 1155884 a multiple of 268?
True
Is 300 a factor of 3523200?
True
Is 159471 a multiple of 303?
False
Does 330 divide 4098600?
True
Is 14 a factor of 122?
False
Is 11 a factor of 239679?
True
Does 375 divide 327789?
False
Does 702 divide 49140?
True
Does 25 divide 835525?
True
Is 3018980 a multiple of 460?
True
Is 89411 a multiple of 74?
False
Does 22 divide 250331?
False
Does 35 divide 538195?
True
Does 34 divide 165970?
False
Does 13 divide 901821?
False
Is 485 a factor of 3475025?
True
Is 12 a factor of 15048?
True
Does 34 divide 26877?
False
Is 38911 a multiple of 120?
False
Does 38 divide 607886?
True
Is 20 a factor of 1306979?
False
Is 68973 a multiple of 83?
True
Does 4 divide 657708?
True
Does 9 divide 60731?
False
Does 50 divide 17550?
True
Is 105258 a multiple of 416?
False
Is 133298 a multiple of 8?
False
Is 207 a factor of 116334?
True
Does 143 divide 654082?
True
Is 6526 a multiple of 4?
False
Does 244 divide 36264?
False
Is 1818 a factor of 17551802?
False
Does 169 divide 9059414?
True
Is 387 a factor of 49113?
False
Is 14 a factor of 11009?
False
Does 163 divide 12324121?
False
Does 791 divide 1404195?
False
Does 241 divide 214324?
False
Does 118 divide 39530?
True
Does 27 divide 278856?
True
Does 8 divide 347460?
False
Is 117380 a multiple of 166?
False
Is 10488585 a multiple of 579?
True
Is 352 a factor of 2916070?
False
Does 51 divide 708019?
False
Does 33 divide 49476?
False
Is 959516 a multiple of 387?
False
Is 19 a factor of 2586417?
False
Is 373 a factor of 1373321?
False
Is 2382779 a multiple of 66?
False
Is 15 a factor of 51540?
True
Is 114907 a multiple of 5?
False
Is 6113 a multiple of 3?
False
Is 9569 a multiple of 2?
False
Is 5876684 a multiple of 23?
True
Is 369134 a multiple of 14?
False
Is 11 a factor of 3169819?
False
Is 66352 a multiple of 8?
True
Is 1095985 a multiple of 194?
False
Does 18 divide 4662?
True
Does 62 divide 1263928?
False
Does 10 divide 616934?
False
Is 118 a factor of 95580?
True
Is 109 a factor of 1237259?
True
Is 132000 a multiple of 25?
True
Is 119 a factor of 72947?
True
Does 302 divide 1356194?
False
Is 54 a factor of 808596?
True
Is 15 a factor of 230949?
False
Is 326997 a multiple of 22?
False
Is 281 a factor of 10565084?
False
Does 227 divide 342543?
True
Does 10 divide 70080?
True
Is 1229060 a multiple of 14?
True
Does 13 divide 15447289?
True
Is 10 a factor of 2631100?
True
Does 1742 divide 21423116?
True
Is 1559876 a multiple of 833?
False
Is 111 a factor of 417908?
False